e 14) to base 11
25
6b (base 15) to base 7
203
What is 5 (base 7) in base 8?
5
What is -103 (base 14) in base 2?
-11000111
-41 (base 8) to base 2
-100001
What is -9 (base 10) in base 15?
-9
Convert -77 (base 14) to base 4.
-1221
Convert -3 (base 11) to base 10.
-3
What is 14 (base 14) in base 3?
200
Convert 179 (base 12) to base 11.
1a6
3 (base 10) to base 13
3
What is -333 (base 4) in base 3?
-2100
Convert -223 (base 4) to base 8.
-53
Convert 0 (base 7) to base 9.
0
32 (base 7) to base 8
27
Convert 10 (base 7) to base 9.
7
Convert 6 (base 8) to base 14.
6
Convert 308 (base 10) to base 9.
372
4c (base 15) to base 5
242
What is 71 (base 16) in base 9?
135
Convert -51 (base 7) to base 4.
-210
What is 10 (base 8) in base 15?
8
22 (base 12) to base 16
1a
Convert -1011111 (base 2) to base 12.
-7b
Convert -2 (base 3) to base 10.
-2
What is 221 (base 5) in base 7?
115
What is 1b9 (base 12) in base 6?
1153
2c (base 14) to base 9
44
What is -6 (base 13) in base 10?
-6
Convert 1 (base 3) to base 12.
1
What is -56 (base 7) in base 6?
-105
Convert 79 (base 11) to base 12.
72
What is -30 (base 5) in base 4?
-33
Convert -120 (base 16) to base 14.
-168
Convert -9b (base 15) to base 12.
-102
Convert 0 (base 14) to base 11.
0
What is -1 (base 15) in base 6?
-1
What is -8 (base 12) in base 6?
-12
26 (base 14) to base 13
28
-1 (base 15) to base 6
-1
-1 (base 4) to base 6
-1
-10 (base 14) to base 6
-22
Convert 24 (base 15) to base 7.
46
What is 1 (base 9) in base 5?
1
Convert -110 (base 6) to base 14.
-30
154 (base 10) to base 7
310
What is 10 (base 6) in base 10?
6
What is 26 (base 11) in base 16?
1c
3 (base 8) to base 2
11
What is -3 (base 8) in base 15?
-3
Convert 13 (base 4) to base 2.
111
Convert -70 (base 8) to base 13.
-44
Convert 194 (base 14) to base 3.
110002
What is -5 (base 10) in base 9?
-5
-210 (base 4) to base 14
-28
Convert 10 (base 6) to base 10.
6
Convert -3 (base 14) to base 8.
-3
-65 (base 9) to base 10
-59
Convert -2b (base 12) to base 4.
-203
Convert 33 (base 7) to base 12.
20
-48 (base 9) to base 14
-32
What is 31 (base 9) in base 7?
40
Convert -102 (base 3) to base 10.
-11
-5 (base 13) to base 14
-5
Convert -443 (base 5) to base 4.
-1323
What is -3 (base 8) in base 6?
-3
What is 5 (base 9) in base 7?
5
What is 4 (base 15) in base 2?
100
12 (base 4) to base 14
6
Convert 70 (base 11) to base 5.
302
What is 132 (base 5) in base 3?
1120
Convert -2 (base 6) to base 15.
-2
Convert 4 (base 8) to base 7.
4
Convert 23 (base 13) to base 7.
41
Convert 6 (base 10) to base 15.
6
47 (base 14) to base 13
4b
What is 0 (base 2) in base 15?
0
What is -96 (base 15) in base 6?
-353
What is -2 (base 10) in base 9?
-2
-52 (base 15) to base 10
-77
-7 (base 16) to base 4
-13
What is -320 (base 5) in base 12?
-71
What is -2110 (base 3) in base 6?
-150
1103 (base 4) to base 5
313
Convert 10111 (base 2) to base 8.
27
Convert 0 (base 10) to base 3.
0
4a (base 11) to base 4
312
a (base 14) to base 15
a
What is -13 (base 16) in base 10?
-19
What is 10 (base 3) in base 7?
3
What is -23 (base 6) in base 7?
-21
Convert 41 (base 9) to base 6.
101
Convert 1201 (base 4) to base 6.
241
0 (base 3) to base 12
0
What is 1 (base 6) in base 13?
1
What is -8 (base 10) in base 3?
-22
18 (base 15) to base 2
10111
What is 162 (base 10) in base 11?
138
What is -5 (base 9) in base 2?
-101
What is 42 (base 6) in base 15?
1b
What is 73 (base 11) in base 15?
55
Convert -22 (base 10) to base 6.
-34
Convert -b (base 13) to base 6.
-15
What is -3 (base 10) in base 14?
-3
What is -143 (base 5) in base 2?
-110000
Convert 101 (base 2) to base 12.
5
What is 23 (base 11) in base 4?
121
What is 23 (base 12) in base 9?
30
21 (base 6) to base 2
1101
1011001 (base 2) to base 4
1121
What is 0 (base 12) in base 15?
0
What is 5 (base 12) in base 4?
11
What is -142 (base 5) in base 11?
-43
-3 (base 16) to base 6
-3
What is -2 (base 12) in base 7?
-2
4 (base 12) to base 13
4
What is -2e (base 16) in base 12?
-3a
What is 4 (base 15) in base 5?
4
Convert a7 (base 12) to base 5.
1002
Convert -1 (base 6) to base 8.
-1
3 (base 4) to base 16
3
Convert 303 (base 5) to base 9.
86
11 (base 3) to base 13
4
Convert -2 (base 11) to base 7.
-2
What is 2 (base 16) in base 4?
2
Convert 11 (base 5) to base 9.
6
-27 (base 8) to base 16
-17
What is -b0 (base 12) in base 6?
-340
What is 1 (base 2) in base 11?
1
2 (base 9) to base 12
2
Convert -1 (base 8) to base 13.
-1
What is -13 (base 12) in base 7?
-21
What is -4 (base 13) in base 11?
-4
96 (base 16) to base 10
150
What is 43 (base 5) in base 12?
1b
What is -2 (base 8) in base 7?
-2
Convert -b7 (base 12) to base 10.
-139
-11 (base 5) to base 3
-20
Convert -333 (base 4) to base 11.
-58
Convert -6 (base 16) to base 11.
-6
-46 (base 10) to base 5
-141
Convert -6 (base 11) to base 4.
-12
-130 (base 6) to base 10
-54
What is -62 (base 9) in base 15?
-3b
-11 (base 4) to base 2
-101
What is -1 (base 10) in base 16?
-1
Convert -10 (base 2) to base 6.
-2
1 (base 7) to base 10
1
93 (base 11) to base 7
204
Convert 131 (base 9) to base 5.
414
What is 21 (base 12) in base 14?
1b
6 (base 8) to base 12
6
Convert 0 (base 2) to base 13.
0
Convert -14 (base 5) to base 10.
-9
What is 281 (base 10) in base 3?
101102
Convert 42 (base 13) to base 2.
110110
Convert 2 (base 14) to base 9.
2
Convert -50 (base 6) to base 5.
-110
-1 (base 12) to base 6
-1
Convert -5 (base 9) to base 3.
-12
Convert 37 (base 14) to base 9.
54
Convert -3 (base 8) to base 16.
-3
What is 14 (base 14) in base 15?
13
What is 3 (base 12) in base 6?
3
Convert 21 (base 3) to base 11.
7
What is 7 (base 16) in base 10?
7
Convert 104 (base 5) to base 4.
131
What is 5a (base 11) in base 4?
1001
Convert 24 (base 9) to base 13.
19
-2 (base 10) to base 4
-2
Convert 1a (base 11) to base 10.
21
16 (base 11) to base 14
13
What is -1c (base 14) in base 4?
-122
Convert -132 (base 6) to base 8.
-70
3 (base 8) to base 3
10
What is -3 (base 14) in base 7?
-3
-303 (base 8) to base 13
-120
What is -1110 (base 2) in base 12?
-12
Convert 20 (base 5) to base 12.
a
Convert -2 (base 11) to base 4.
-2
Convert 233 (base 4) to base 14.
35
Convert -11 (base 4) to base 15.
-5
Convert -31 (base 7) to base 2.
-10110
Convert 9 (base 12) to base 9.
10
-6 (base 11) to base 7
-6
-27 (base 9) to base 12
-21
What is 101 (base 3) in base 6?
14
What is 0 (base 16) in base 9?
0
What is -5 (base 7) in base 9?
-5
7 (base 12) to base 14
7
-27 (base 8) to base 7
-32
Convert -24 (base 8) to base 13.
-17
-5 (base 12) to base 6
-5
Convert -1000010 (base 2) to base 14.
-4a
-224 (base 5) to base 16
-40
What is -242 (base 12) in base 6?
-1322
-52 (base 6) to base 14
-24
What is -112201 (base 3) in base 2?
-110001101
Convert 3 (base 7) to base 6.
3
-20 (base 3) to base 13
-6
Convert -5 (base 7) to base 8.
-5
Convert -5 (base 16) to base 10.
-5
-6 (base 14) to base 12
-6
Convert -5 (base 15) to base 14.
-5
What is 6 (base 14) in base 8?
6
-21 (base 15) to base 6
-51
Convert -6 (base 12) to base 7.
-6
Convert -27 (base 16) to base 13.
-30
110000 (base 2) to base 15
33
22222 (base 3) to base 6
1042
Convert -53 (base 12) to base 9.
-70
25 (base 9) to base 4
113
0 (base 13) to base 9
0
What is -1c (base 16) in base 3?
-1001
Convert -1 (base 14) to base 11.
-1
3312 (base 4) to base 12
186
1011 (base 2) to base 4
23
Convert 3a (base 15) to base 8.
67
What is -100 (base 2) in base 10?
-4
Convert 2 (base 15) to base 12.
2
What is 1 (base 7) in base 3?
1
What is -13 (base 6) in base 14?
-9
Convert 101 (base 3) to base 5.
20
1010 (base 2) to base 4
22
What is -20 (base 10) in base 9?
-22
2 (base 6) to base 7
2
Convert -3 (base 16) to base 2.
-11
29 (base 11) to base 9
34
What is -3 (base 8) in base 5?
-3
Convert -1 (base 5) to base 11.
-1
Convert -212 (base 4) to base 13.
-2c
Convert -24 (base 9) to base 5.
-42
Convert 2 (base 9) to base 15.
2
-111 (base 5) to base 10
-31
10 (base 8) to base 10
8
-111100 (base 2) to base 16
-3c
Convert 1a (base 16) to base 14.
1c
What is -3 (base 13) in base 14?
-3
What is 344 (base 8) in base 13?
147
What is 15 (base 6) in base 8?
13
What is 0 (base 13) in base 10?
0
-94 (base 10) to base 13
-73
43 (base 14) to base 16
3b
Convert 35 (base 6) to base 14.
19
What is -1 (base 16) in base 14?
-1
What is -13 (base 16) in base 10?
-19
What is 1 (base